{"id":17186,"date":"2025-10-03T10:16:47","date_gmt":"2025-10-03T07:16:47","guid":{"rendered":"https:\/\/andzelakauniene.lt\/?post_type=product&#038;p=17186"},"modified":"2026-07-17T12:46:52","modified_gmt":"2026-07-17T09:46:52","slug":"ten-kur-bunda-pievu-geles","status":"publish","type":"product","link":"https:\/\/andzelakauniene.lt\/en\/galerija\/ten-kur-bunda-pievu-geles\/","title":{"rendered":"&#8220;Ten, kur bunda piev\u0173 g\u0117l\u0117s&#8221;\/ Parduota"},"content":{"rendered":"","protected":false},"excerpt":{"rendered":"<p style=\"text-align: center;\">PARDUOTAS\/ 120cm x 90cm, aliejus, drob\u0117<\/p>\n<h4 class=\"p2\" style=\"text-align: center;\"><span class=\"s2\">&#8230;ten, kur bunda piev\u0173 g\u0117l\u0117s\u2026 rasos la\u0161ai dar neu\u017egeso\u2026 \u017eiedlapiais nubars\u010dius keli\u0105, \u0161viesa jausmus nutap\u0117&#8230;<\/span><\/h4>\n","protected":false},"featured_media":17183,"template":"","meta":[],"product_brand":[],"product_cat":[340],"product_tag":[21,25,59],"class_list":["post-17186","product","type-product","status-publish","has-post-thumbnail","product_cat-white-collection-2017-2026","product_tag-aliejus-drobe","product_tag-drugeliai","product_tag-pieva","first","instock","shipping-taxable","product-type-simple"],"yoast_head":"<!-- This site is optimized with the Yoast SEO plugin v28.3 - https:\/\/yoast.com\/product\/yoast-seo-wordpress\/ -->\n<title>&quot;Ten, kur bunda piev\u0173 g\u0117l\u0117s&quot;\/ Parduota - And\u017eela Kaunien\u0117<\/title>\n<meta name=\"robots\" content=\"index, follow, max-snippet:-1, max-image-preview:large, max-video-preview:-1\" \/>\n<link rel=\"canonical\" href=\"https:\/\/andzelakauniene.lt\/en\/galerija\/ten-kur-bunda-pievu-geles\/\" \/>\n<meta property=\"og:locale\" content=\"en_US\" \/>\n<meta property=\"og:type\" content=\"article\" \/>\n<meta property=\"og:title\" content=\"&quot;Ten, kur bunda piev\u0173 g\u0117l\u0117s&quot;\/ Parduota - And\u017eela Kaunien\u0117\" \/>\n<meta property=\"og:description\" content=\"PARDUOTAS\/ 120cm x 90cm, aliejus, drob\u0117  ...ten, kur bunda piev\u0173 g\u0117l\u0117s\u2026 rasos la\u0161ai dar neu\u017egeso\u2026 \u017eiedlapiais nubars\u010dius keli\u0105, \u0161viesa jausmus nutap\u0117...\" \/>\n<meta property=\"og:url\" content=\"https:\/\/andzelakauniene.lt\/galerija\/ten-kur-bunda-pievu-geles\/\" \/>\n<meta property=\"og:site_name\" content=\"And\u017eela Kaunien\u0117\" \/>\n<meta property=\"article:modified_time\" content=\"2026-07-17T09:46:52+00:00\" \/>\n<meta property=\"og:image\" content=\"https:\/\/andzelakauniene.lt\/wp-content\/uploads\/2025\/10\/92A4926-copy-2_e_Original.jpeg\" \/>\n\t<meta property=\"og:image:width\" content=\"1536\" \/>\n\t<meta property=\"og:image:height\" content=\"2048\" \/>\n\t<meta property=\"og:image:type\" content=\"image\/jpeg\" \/>\n<meta name=\"twitter:card\" content=\"summary_large_image\" \/>\n<meta name=\"twitter:label1\" content=\"Est. reading time\" \/>\n\t<meta name=\"twitter:data1\" content=\"1 minute\" \/>\n<script type=\"application\/ld+json\" class=\"yoast-schema-graph\">{\"@context\":\"https:\\\/\\\/schema.org\",\"@graph\":[{\"@type\":\"WebPage\",\"@id\":\"https:\\\/\\\/andzelakauniene.lt\\\/galerija\\\/ten-kur-bunda-pievu-geles\\\/\",\"url\":\"https:\\\/\\\/andzelakauniene.lt\\\/galerija\\\/ten-kur-bunda-pievu-geles\\\/\",\"name\":\"\\\"Ten, kur bunda piev\u0173 g\u0117l\u0117s\\\"\\\/ Parduota - And\u017eela Kaunien\u0117\",\"isPartOf\":{\"@id\":\"https:\\\/\\\/andzelakauniene.lt\\\/#website\"},\"primaryImageOfPage\":{\"@id\":\"https:\\\/\\\/andzelakauniene.lt\\\/galerija\\\/ten-kur-bunda-pievu-geles\\\/#primaryimage\"},\"image\":{\"@id\":\"https:\\\/\\\/andzelakauniene.lt\\\/galerija\\\/ten-kur-bunda-pievu-geles\\\/#primaryimage\"},\"thumbnailUrl\":\"https:\\\/\\\/andzelakauniene.lt\\\/wp-content\\\/uploads\\\/2025\\\/10\\\/92A4926-copy-2_e_Original.jpeg\",\"datePublished\":\"2025-10-03T07:16:47+00:00\",\"dateModified\":\"2026-07-17T09:46:52+00:00\",\"breadcrumb\":{\"@id\":\"https:\\\/\\\/andzelakauniene.lt\\\/galerija\\\/ten-kur-bunda-pievu-geles\\\/#breadcrumb\"},\"inLanguage\":\"en-US\",\"potentialAction\":[{\"@type\":\"ReadAction\",\"target\":[\"https:\\\/\\\/andzelakauniene.lt\\\/galerija\\\/ten-kur-bunda-pievu-geles\\\/\"]}]},{\"@type\":\"ImageObject\",\"inLanguage\":\"en-US\",\"@id\":\"https:\\\/\\\/andzelakauniene.lt\\\/galerija\\\/ten-kur-bunda-pievu-geles\\\/#primaryimage\",\"url\":\"https:\\\/\\\/andzelakauniene.lt\\\/wp-content\\\/uploads\\\/2025\\\/10\\\/92A4926-copy-2_e_Original.jpeg\",\"contentUrl\":\"https:\\\/\\\/andzelakauniene.lt\\\/wp-content\\\/uploads\\\/2025\\\/10\\\/92A4926-copy-2_e_Original.jpeg\",\"width\":1536,\"height\":2048},{\"@type\":\"BreadcrumbList\",\"@id\":\"https:\\\/\\\/andzelakauniene.lt\\\/galerija\\\/ten-kur-bunda-pievu-geles\\\/#breadcrumb\",\"itemListElement\":[{\"@type\":\"ListItem\",\"position\":1,\"name\":\"Home\",\"item\":\"https:\\\/\\\/andzelakauniene.lt\\\/en\\\/\"},{\"@type\":\"ListItem\",\"position\":2,\"name\":\"Galerija\",\"item\":\"https:\\\/\\\/andzelakauniene.lt\\\/en\\\/galerija\\\/\"},{\"@type\":\"ListItem\",\"position\":3,\"name\":\"&#8220;Ten, kur bunda piev\u0173 g\u0117l\u0117s&#8221;\\\/ Parduota\"}]},{\"@type\":\"WebSite\",\"@id\":\"https:\\\/\\\/andzelakauniene.lt\\\/#website\",\"url\":\"https:\\\/\\\/andzelakauniene.lt\\\/\",\"name\":\"And\u017eela Kaunien\u0117\",\"description\":\"A. Kauniene ART\",\"publisher\":{\"@id\":\"https:\\\/\\\/andzelakauniene.lt\\\/#\\\/schema\\\/person\\\/e0a5e18ac4f9e7e24c30703f49f1d953\"},\"potentialAction\":[{\"@type\":\"SearchAction\",\"target\":{\"@type\":\"EntryPoint\",\"urlTemplate\":\"https:\\\/\\\/andzelakauniene.lt\\\/?s={search_term_string}\"},\"query-input\":{\"@type\":\"PropertyValueSpecification\",\"valueRequired\":true,\"valueName\":\"search_term_string\"}}],\"inLanguage\":\"en-US\"},{\"@type\":[\"Person\",\"Organization\"],\"@id\":\"https:\\\/\\\/andzelakauniene.lt\\\/#\\\/schema\\\/person\\\/e0a5e18ac4f9e7e24c30703f49f1d953\",\"name\":\"And\u017eela Kaunien\u0117\",\"image\":{\"@type\":\"ImageObject\",\"inLanguage\":\"en-US\",\"@id\":\"https:\\\/\\\/andzelakauniene.lt\\\/wp-content\\\/uploads\\\/2019\\\/10\\\/Asset-1.png\",\"url\":\"https:\\\/\\\/andzelakauniene.lt\\\/wp-content\\\/uploads\\\/2019\\\/10\\\/Asset-1.png\",\"contentUrl\":\"https:\\\/\\\/andzelakauniene.lt\\\/wp-content\\\/uploads\\\/2019\\\/10\\\/Asset-1.png\",\"width\":230,\"height\":36,\"caption\":\"And\u017eela Kaunien\u0117\"},\"logo\":{\"@id\":\"https:\\\/\\\/andzelakauniene.lt\\\/wp-content\\\/uploads\\\/2019\\\/10\\\/Asset-1.png\"},\"sameAs\":[\"https:\\\/\\\/andzelakauniene.lt\"]}]}<\/script>\n<!-- \/ Yoast SEO plugin. -->","yoast_head_json":{"title":"\"Ten, kur bunda piev\u0173 g\u0117l\u0117s\"\/ Parduota - And\u017eela Kaunien\u0117","robots":{"index":"index","follow":"follow","max-snippet":"max-snippet:-1","max-image-preview":"max-image-preview:large","max-video-preview":"max-video-preview:-1"},"canonical":"https:\/\/andzelakauniene.lt\/en\/galerija\/ten-kur-bunda-pievu-geles\/","og_locale":"en_US","og_type":"article","og_title":"\"Ten, kur bunda piev\u0173 g\u0117l\u0117s\"\/ Parduota - And\u017eela Kaunien\u0117","og_description":"PARDUOTAS\/ 120cm x 90cm, aliejus, drob\u0117  ...ten, kur bunda piev\u0173 g\u0117l\u0117s\u2026 rasos la\u0161ai dar neu\u017egeso\u2026 \u017eiedlapiais nubars\u010dius keli\u0105, \u0161viesa jausmus nutap\u0117...","og_url":"https:\/\/andzelakauniene.lt\/galerija\/ten-kur-bunda-pievu-geles\/","og_site_name":"And\u017eela Kaunien\u0117","article_modified_time":"2026-07-17T09:46:52+00:00","og_image":[{"width":1536,"height":2048,"url":"https:\/\/andzelakauniene.lt\/wp-content\/uploads\/2025\/10\/92A4926-copy-2_e_Original.jpeg","type":"image\/jpeg"}],"twitter_card":"summary_large_image","twitter_misc":{"Est. reading time":"1 minute"},"schema":{"@context":"https:\/\/schema.org","@graph":[{"@type":"WebPage","@id":"https:\/\/andzelakauniene.lt\/galerija\/ten-kur-bunda-pievu-geles\/","url":"https:\/\/andzelakauniene.lt\/galerija\/ten-kur-bunda-pievu-geles\/","name":"\"Ten, kur bunda piev\u0173 g\u0117l\u0117s\"\/ Parduota - And\u017eela Kaunien\u0117","isPartOf":{"@id":"https:\/\/andzelakauniene.lt\/#website"},"primaryImageOfPage":{"@id":"https:\/\/andzelakauniene.lt\/galerija\/ten-kur-bunda-pievu-geles\/#primaryimage"},"image":{"@id":"https:\/\/andzelakauniene.lt\/galerija\/ten-kur-bunda-pievu-geles\/#primaryimage"},"thumbnailUrl":"https:\/\/andzelakauniene.lt\/wp-content\/uploads\/2025\/10\/92A4926-copy-2_e_Original.jpeg","datePublished":"2025-10-03T07:16:47+00:00","dateModified":"2026-07-17T09:46:52+00:00","breadcrumb":{"@id":"https:\/\/andzelakauniene.lt\/galerija\/ten-kur-bunda-pievu-geles\/#breadcrumb"},"inLanguage":"en-US","potentialAction":[{"@type":"ReadAction","target":["https:\/\/andzelakauniene.lt\/galerija\/ten-kur-bunda-pievu-geles\/"]}]},{"@type":"ImageObject","inLanguage":"en-US","@id":"https:\/\/andzelakauniene.lt\/galerija\/ten-kur-bunda-pievu-geles\/#primaryimage","url":"https:\/\/andzelakauniene.lt\/wp-content\/uploads\/2025\/10\/92A4926-copy-2_e_Original.jpeg","contentUrl":"https:\/\/andzelakauniene.lt\/wp-content\/uploads\/2025\/10\/92A4926-copy-2_e_Original.jpeg","width":1536,"height":2048},{"@type":"BreadcrumbList","@id":"https:\/\/andzelakauniene.lt\/galerija\/ten-kur-bunda-pievu-geles\/#breadcrumb","itemListElement":[{"@type":"ListItem","position":1,"name":"Home","item":"https:\/\/andzelakauniene.lt\/en\/"},{"@type":"ListItem","position":2,"name":"Galerija","item":"https:\/\/andzelakauniene.lt\/en\/galerija\/"},{"@type":"ListItem","position":3,"name":"&#8220;Ten, kur bunda piev\u0173 g\u0117l\u0117s&#8221;\/ Parduota"}]},{"@type":"WebSite","@id":"https:\/\/andzelakauniene.lt\/#website","url":"https:\/\/andzelakauniene.lt\/","name":"And\u017eela Kaunien\u0117","description":"A. Kauniene ART","publisher":{"@id":"https:\/\/andzelakauniene.lt\/#\/schema\/person\/e0a5e18ac4f9e7e24c30703f49f1d953"},"potentialAction":[{"@type":"SearchAction","target":{"@type":"EntryPoint","urlTemplate":"https:\/\/andzelakauniene.lt\/?s={search_term_string}"},"query-input":{"@type":"PropertyValueSpecification","valueRequired":true,"valueName":"search_term_string"}}],"inLanguage":"en-US"},{"@type":["Person","Organization"],"@id":"https:\/\/andzelakauniene.lt\/#\/schema\/person\/e0a5e18ac4f9e7e24c30703f49f1d953","name":"And\u017eela Kaunien\u0117","image":{"@type":"ImageObject","inLanguage":"en-US","@id":"https:\/\/andzelakauniene.lt\/wp-content\/uploads\/2019\/10\/Asset-1.png","url":"https:\/\/andzelakauniene.lt\/wp-content\/uploads\/2019\/10\/Asset-1.png","contentUrl":"https:\/\/andzelakauniene.lt\/wp-content\/uploads\/2019\/10\/Asset-1.png","width":230,"height":36,"caption":"And\u017eela Kaunien\u0117"},"logo":{"@id":"https:\/\/andzelakauniene.lt\/wp-content\/uploads\/2019\/10\/Asset-1.png"},"sameAs":["https:\/\/andzelakauniene.lt"]}]}},"jetpack_sharing_enabled":true,"_links":{"self":[{"href":"https:\/\/andzelakauniene.lt\/en\/wp-json\/wp\/v2\/product\/17186","targetHints":{"allow":["GET"]}}],"collection":[{"href":"https:\/\/andzelakauniene.lt\/en\/wp-json\/wp\/v2\/product"}],"about":[{"href":"https:\/\/andzelakauniene.lt\/en\/wp-json\/wp\/v2\/types\/product"}],"wp:featuredmedia":[{"embeddable":true,"href":"https:\/\/andzelakauniene.lt\/en\/wp-json\/wp\/v2\/media\/17183"}],"wp:attachment":[{"href":"https:\/\/andzelakauniene.lt\/en\/wp-json\/wp\/v2\/media?parent=17186"}],"wp:term":[{"taxonomy":"product_brand","embeddable":true,"href":"https:\/\/andzelakauniene.lt\/en\/wp-json\/wp\/v2\/product_brand?post=17186"},{"taxonomy":"product_cat","embeddable":true,"href":"https:\/\/andzelakauniene.lt\/en\/wp-json\/wp\/v2\/product_cat?post=17186"},{"taxonomy":"product_tag","embeddable":true,"href":"https:\/\/andzelakauniene.lt\/en\/wp-json\/wp\/v2\/product_tag?post=17186"}],"curies":[{"name":"wp","href":"https:\/\/api.w.org\/{rel}","templated":true}]}}

&#8220;Ten, kur bunda pievų gėlės&#8221;/ Parduota

<p style="text-align: center;">PARDUOTAS/ 120cm x 90cm, aliejus, drobė</p>
<h4 class="p2" style="text-align: center;"><span class="s2">&#8230;ten, kur bunda pievų gėlės… rasos lašai dar neužgeso… žiedlapiais nubarsčius kelią, šviesa jausmus nutapė&#8230;</span></h4>

<!-- This site is optimized with the Yoast SEO plugin v28.3 - https://yoast.com/product/yoast-seo-wordpress/ -->
<title>&quot;Ten, kur bunda pievų gėlės&quot;/ Parduota - Andžela Kaunienė</title>
<meta name="robots" content="index, follow, max-snippet:-1, max-image-preview:large, max-video-preview:-1" />
<link rel="canonical" href="https://andzelakauniene.lt/en/galerija/ten-kur-bunda-pievu-geles/" />
<meta property="og:locale" content="en_US" />
<meta property="og:type" content="article" />
<meta property="og:title" content="&quot;Ten, kur bunda pievų gėlės&quot;/ Parduota - Andžela Kaunienė" />
<meta property="og:description" content="PARDUOTAS/ 120cm x 90cm, aliejus, drobė  ...ten, kur bunda pievų gėlės… rasos lašai dar neužgeso… žiedlapiais nubarsčius kelią, šviesa jausmus nutapė..." />
<meta property="og:url" content="https://andzelakauniene.lt/galerija/ten-kur-bunda-pievu-geles/" />
<meta property="og:site_name" content="Andžela Kaunienė" />
<meta property="article:modified_time" content="2026-07-17T09:46:52+00:00" />
<meta property="og:image" content="https://andzelakauniene.lt/wp-content/uploads/2025/10/92A4926-copy-2_e_Original.jpeg" />
	<meta property="og:image:width" content="1536" />
	<meta property="og:image:height" content="2048" />
	<meta property="og:image:type" content="image/jpeg" />
<meta name="twitter:card" content="summary_large_image" />
<meta name="twitter:label1" content="Est. reading time" />
	<meta name="twitter:data1" content="1 minute" />
<script type="application/ld+json" class="yoast-schema-graph">{"@context":"https:\/\/schema.org","@graph":[{"@type":"WebPage","@id":"https:\/\/andzelakauniene.lt\/galerija\/ten-kur-bunda-pievu-geles\/","url":"https:\/\/andzelakauniene.lt\/galerija\/ten-kur-bunda-pievu-geles\/","name":"\"Ten, kur bunda pievų gėlės\"\/ Parduota - Andžela Kaunienė","isPartOf":{"@id":"https:\/\/andzelakauniene.lt\/#website"},"primaryImageOfPage":{"@id":"https:\/\/andzelakauniene.lt\/galerija\/ten-kur-bunda-pievu-geles\/#primaryimage"},"image":{"@id":"https:\/\/andzelakauniene.lt\/galerija\/ten-kur-bunda-pievu-geles\/#primaryimage"},"thumbnailUrl":"https:\/\/andzelakauniene.lt\/wp-content\/uploads\/2025\/10\/92A4926-copy-2_e_Original.jpeg","datePublished":"2025-10-03T07:16:47+00:00","dateModified":"2026-07-17T09:46:52+00:00","breadcrumb":{"@id":"https:\/\/andzelakauniene.lt\/galerija\/ten-kur-bunda-pievu-geles\/#breadcrumb"},"inLanguage":"en-US","potentialAction":[{"@type":"ReadAction","target":["https:\/\/andzelakauniene.lt\/galerija\/ten-kur-bunda-pievu-geles\/"]}]},{"@type":"ImageObject","inLanguage":"en-US","@id":"https:\/\/andzelakauniene.lt\/galerija\/ten-kur-bunda-pievu-geles\/#primaryimage","url":"https:\/\/andzelakauniene.lt\/wp-content\/uploads\/2025\/10\/92A4926-copy-2_e_Original.jpeg","contentUrl":"https:\/\/andzelakauniene.lt\/wp-content\/uploads\/2025\/10\/92A4926-copy-2_e_Original.jpeg","width":1536,"height":2048},{"@type":"BreadcrumbList","@id":"https:\/\/andzelakauniene.lt\/galerija\/ten-kur-bunda-pievu-geles\/#breadcrumb","itemListElement":[{"@type":"ListItem","position":1,"name":"Home","item":"https:\/\/andzelakauniene.lt\/en\/"},{"@type":"ListItem","position":2,"name":"Galerija","item":"https:\/\/andzelakauniene.lt\/en\/galerija\/"},{"@type":"ListItem","position":3,"name":"&#8220;Ten, kur bunda pievų gėlės&#8221;\/ Parduota"}]},{"@type":"WebSite","@id":"https:\/\/andzelakauniene.lt\/#website","url":"https:\/\/andzelakauniene.lt\/","name":"Andžela Kaunienė","description":"A. Kauniene ART","publisher":{"@id":"https:\/\/andzelakauniene.lt\/#\/schema\/person\/e0a5e18ac4f9e7e24c30703f49f1d953"},"potentialAction":[{"@type":"SearchAction","target":{"@type":"EntryPoint","urlTemplate":"https:\/\/andzelakauniene.lt\/?s={search_term_string}"},"query-input":{"@type":"PropertyValueSpecification","valueRequired":true,"valueName":"search_term_string"}}],"inLanguage":"en-US"},{"@type":["Person","Organization"],"@id":"https:\/\/andzelakauniene.lt\/#\/schema\/person\/e0a5e18ac4f9e7e24c30703f49f1d953","name":"Andžela Kaunienė","image":{"@type":"ImageObject","inLanguage":"en-US","@id":"https:\/\/andzelakauniene.lt\/wp-content\/uploads\/2019\/10\/Asset-1.png","url":"https:\/\/andzelakauniene.lt\/wp-content\/uploads\/2019\/10\/Asset-1.png","contentUrl":"https:\/\/andzelakauniene.lt\/wp-content\/uploads\/2019\/10\/Asset-1.png","width":230,"height":36,"caption":"Andžela Kaunienė"},"logo":{"@id":"https:\/\/andzelakauniene.lt\/wp-content\/uploads\/2019\/10\/Asset-1.png"},"sameAs":["https:\/\/andzelakauniene.lt"]}]}</script>
<!-- / Yoast SEO plugin. -->

"Ten, kur bunda pievų gėlės"/ Parduota - Andžela Kaunienė

PARDUOTAS/ 120cm x 90cm, aliejus, drobė  ...ten, kur bunda pievų gėlės… rasos lašai dar neužgeso… žiedlapiais nubarsčius kelią, šviesa jausmus nutapė...

Andžela Kaunienė
